98923013 a prime number?
True
Is 9398826763 a prime number?
True
Is 884974477 a prime number?
False
Is 4121083859 composite?
True
Is 972720557 a prime number?
False
Is 8660371373 a composite number?
False
Is 12402695831 a prime number?
False
Is 1470987773 a prime number?
True
Is 376400809 a prime number?
True
Is 95314836221 prime?
False
Is 262495201 a prime number?
True
Is 1624183391 a prime number?
True
Is 121115453 a prime number?
False
Is 20684696671 prime?
False
Is 2365105471 prime?
False
Is 821369923 a prime number?
False
Is 6698926841 prime?
True
Is 14802079967 prime?
True
Is 1959761381 prime?
False
Is 6141776933 prime?
True
Is 94367617 prime?
True
Is 20677912967 a prime number?
False
Is 21060300343 composite?
False
Is 230534531 a prime number?
False
Is 229408859 prime?
True
Is 20799835543 composite?
True
Is 2223453577 a composite number?
True
Is 294290293 prime?
False
Is 11059703563 a composite number?
False
Is 29658205333 composite?
False
Is 17341963013 a composite number?
True
Is 420184897445 a composite number?
True
Is 2246789141 a composite number?
False
Is 1045676713 composite?
False
Is 1822549049 prime?
False
Is 1645164049 a prime number?
False
Is 2534518897 composite?
False
Is 4679530487 a composite number?
False
Is 925010051 a prime number?
False
Is 80346667 composite?
True
Is 1122332279 composite?
True
Is 15228740477 a composite number?
False
Is 230200021 prime?
True
Is 4441957327 prime?
True
Is 6717796489 a composite number?
False
Is 122865156691 composite?
True
Is 54894647 a prime number?
True
Is 4645715299 a prime number?
True
Is 323124497 composite?
False
Is 13791847843 composite?
True
Is 1028451607 a prime number?
True
Is 40682034619 a composite number?
True
Is 54268746373 prime?
True
Is 598917511 a prime number?
True
Is 6138275963 a prime number?
True
Is 1348527437 composite?
True
Is 49994100269 a composite number?
False
Is 242456393 a composite number?
False
Is 165329167015 composite?
True
Is 2371653223 prime?
True
Is 55480168343 a prime number?
True
Is 355063183 a prime number?
True
Is 10090369067 a prime number?
False
Is 709213153 prime?
False
Is 5842987949 composite?
False
Is 985866103 prime?
False
Is 8568733931 prime?
True
Is 15172789139 composite?
False
Is 8194761781 prime?
True
Is 18523748081 prime?
False
Is 2031580721 prime?
False
Is 23325158578 a composite number?
True
Is 6708527801 a prime number?
False
Is 1036429531 a prime number?
False
Is 75664517899 a composite number?
True
Is 940664357 a prime number?
False
Is 4696675397 prime?
True
Is 1090989143 a prime number?
False
Is 19795395394 composite?
True
Is 4930442291 composite?
False
Is 222457530527 a prime number?
True
Is 868301647 prime?
True
Is 85843423 a prime number?
True
Is 753736307 a composite number?
True
Is 16397970367 a prime number?
False
Is 46862595271 a composite number?
True
Is 192599146 a prime number?
False
Is 35122304193 a prime number?
False
Is 5217054179 a composite number?
False
Is 1858365361 prime?
False
Is 1607016727 a prime number?
False
Is 92929267 composite?
False
Is 851779178 a composite number?
True
Is 234321733 a prime number?
True
Is 883795531 composite?
True
Is 10759919987 composite?
False
Is 544495291 a composite number?
False
Is 699963839 a composite number?
True
Is 16790928937 a prime number?
True
Is 813107917 prime?
False
Is 8988908267 a composite number?
True
Is 3267745199 a composite number?
False
Is 927670129 a composite number?
False
Is 325559147 a composite number?
True
Is 174025913 prime?
False
Is 155706977 composite?
False
Is 65691764153 a composite number?
True
Is 27222258029 a prime number?
True
Is 15177509 prime?
True
Is 452436157 a composite number?
True
Is 147964628243 composite?
False
Is 46291343069 prime?
True
Is 258148061 composite?
True
Is 6099422657 a prime number?
False
Is 2480204249 composite?
False
Is 249140067893 a composite number?
False
Is 58931623241 composite?
True
Is 87686363829 a composite number?
True
Is 19076980747 a prime number?
False
Is 80081449363 a composite number?
False
Is 141524951147 a composite number?
False
Is 2346272431 prime?
True
Is 21289948711 a prime number?
True
Is 134427719 composite?
True
Is 29944121 a composite number?
True
Is 408519977 a prime number?
False
Is 1064847083 composite?
True
Is 17706555257 a prime number?
True
Is 6863461373 composite?
False
Is 5404459639 a composite number?
True
Is 2901121907 a composite number?
False
Is 1316381431 a prime number?
True
Is 1376069759 a prime number?
False
Is 56455590757 prime?
True
Is 217327119 a prime number?
False
Is 107959189049 composite?
True
Is 3071821073 prime?
False
Is 16887818501 a prime number?
False
Is 14619222341 a composite number?
False
Is 8905808918 prime?
False
Is 10249496609 a prime number?
False
Is 114099287 prime?
True
Is 2301875063 a composite number?
False
Is 4407100651 a composite number?
False
Is 511379891 a prime number?
False
Is 3231506941 prime?
False
Is 249847837 a prime number?
False
Is 36756076471 prime?
False
Is 7805078263 a prime number?
True
Is 63037133377 composite?
False
Is 477392701 a prime number?
False
Is 23361187397 prime?
True
Is 8934417049 composite?
False
Is 130920339899 a composite number?
True
Is 46722271397 composite?
True
Is 696369463 prime?
True
Is 6818828801 prime?
False
Is 6713743019 a prime number?
True
Is 39201245767 composite?
True
Is 3660548973 a composite number?
True
Is 868678999 a composite number?
False
Is 81905995747 a prime number?
False
Is 105845889671 prime?
True
Is 2691110717 prime?
False
Is 8680848527 a prime number?
False
Is 26975419167 a composite number?
True
Is 24214954537 a prime number?
False
Is 706374962 a prime number?
False
Is 228203816993 prime?
True
Is 487250905 prime?
False
Is 23933381077 prime?
False
Is 37569214981 prime?
True
Is 691432538 prime?
False
Is 1600722109 a prime number?
False
Is 267012823433 composite?
False
Is 269954779 prime?
False
Is 127749805 a composite number?
True
Is 1895764991 prime?
False
Is 12472281121 prime?
True
Is 57243748871 a composite number?
True
Is 164185132607 composite?
True
Is 2821768591 a prime number?
True
Is 205109070619 a composite number?
True
Is 2346847723 a composite number?
True
Is 4388080497 a composite number?
True
Is 5401030511 a prime number?
False
Is 133545403 composite?
True
Is 5794530097 prime?
True
Is 3271863313 prime?
True
Is 1336251701 a composite number?
False
Is 272774093 a composite number?
True
Is 18509859257 a prime number?
True
Is 972682187 composite?
False
Is 17100137437 prime?
True
Is 23125331197 prime?
True
Is 13525233587 a prime number?
False
Is 37082024689 a composite number?
True
Is 1764955121 prime?
False
Is 150236566687 a composite number?
False
Is 3479963909 a prime number?
True
Is 10850629411 prime?
True
Is 125515205561 composite?
True
Is 603276187 prime?
True
Is 59994405857 composite?
False
Is 8022678329 a composite number?
True
Is 692324263 composite?
False
Is 287734904141 a composite number?
False
Is 410838199 a composite number?
False
Is 1354214517 a prime number?
False
Is 1111908373 a prime number?
True
Is 11053888583 a prime number?
False
Is 747087401 a composite number?
False
Is 3960763567 a composite number?
False
Is 812327983 composite?
True
Is 298458827 a composite number?
False
Is 5018408023 a prime number?
False
Is 2195713073 a composite number?
True
Is 4821580499 a composite number?
False
Is 50537716901 prime?
False
Is 627450821 composite?
True
Is 34404494798 prime?
False
Is 17915403421 a composite number?
False
Is 1070519059 a prime number?
True
Is 3757261549 prime?
False
Is 21311255221 composite?
True
Is 901122613 composite?
True
Is 476292034 composite?
True
Is 11390022619 prime?
False
Is 23554236733 composite?
True
Is 2387350523 a prime number?
True
Is 25740060751 composite?
True
Is 2797773853 prime?
False
Is 1253682019 prime?
True
Is 1593020633 composite?
False
Is 72457577 a composite number?
True
Is 4644762761 a composite number?
True
Is 3167733277 composite?
False
Is 14747561819 a prime number?
True
Is 352500359 prime?
True
Is 302483257 prime?
True
Is 10504164967 prime?
True
Is 11621757181 prime?
False
Is 10612493701 a composite number?
False
Is 9930294701 composite?
False
Is 1111058033 a prime number?
False
Is 558988217 a composite number?
False
Is 3676837783 prime?
True